{"id":243,"date":"2022-12-02T19:43:00","date_gmt":"2022-12-02T19:43:00","guid":{"rendered":"http:\/\/sandrineplumail.fr\/?page_id=243"},"modified":"2022-12-04T15:59:52","modified_gmt":"2022-12-04T15:59:52","slug":"homeopathie-et-isotherapie","status":"publish","type":"page","link":"https:\/\/sandrineplumail.fr\/index.php\/homeopathie-et-isotherapie\/","title":{"rendered":"Hom\u00e9opathie et isoth\u00e9rapie"},"content":{"rendered":"\n<figure class=\"wp-block-image size-large\"><img loading=\"lazy\" decoding=\"async\" width=\"1024\" height=\"683\" src=\"https:\/\/sandrineplumail.fr\/wp-content\/uploads\/2022\/12\/IMG_1551-1024x683.jpg\" alt=\"\" class=\"wp-image-299\" srcset=\"https:\/\/sandrineplumail.fr\/wp-content\/uploads\/2022\/12\/IMG_1551-1024x683.jpg 1024w, https:\/\/sandrineplumail.fr\/wp-content\/uploads\/2022\/12\/IMG_1551-300x200.jpg 300w, https:\/\/sandrineplumail.fr\/wp-content\/uploads\/2022\/12\/IMG_1551-768x512.jpg 768w, https:\/\/sandrineplumail.fr\/wp-content\/uploads\/2022\/12\/IMG_1551-1536x1024.jpg 1536w, https:\/\/sandrineplumail.fr\/wp-content\/uploads\/2022\/12\/IMG_1551-2048x1365.jpg 2048w\" sizes=\"auto, (max-width: 767px) 89vw, (max-width: 1000px) 54vw, (max-width: 1071px) 543px, 580px\" \/><\/figure>\n\n\n\n<p>  L&#8217;hom\u00e9opathie est un outil th\u00e9rapeutique d\u00e9couvert par le Dr Hahnemann. Il est bas\u00e9 sur le principe des similitudes des sympt\u00f4mes. Il permet de soulager et combattre de nombreuses affections.<\/p>\n\n\n\n<p>Plus tardivement, le Dr Senn utilise l&#8217;hom\u00e9opathie en tant qu&#8217;isoth\u00e9rapie aussi appel\u00e9 la m\u00e9thode des &#8221; barri\u00e8res multiples&#8221;. <\/p>\n\n\n\n<p>Notre \u00e9tat de sant\u00e9 refl\u00e8te notre parcours, il t\u00e9moigne de la fa\u00e7on dont nous avons g\u00e9r\u00e9 les multiples agressions que nous avons subies au cours de notre vie.<\/p>\n\n\n\n<p>Ces agressions, qu&#8217;elles soient psychiques, physiques, toxiques ou infectieuses, lorsqu&#8217;elles ne sont pas correctement trait\u00e9es par l&#8217;organisme, laissent une empreinte qui devient un frein \u00e0 l&#8217;\u00e9volution et une cause de maladie.<\/p>\n\n\n\n<p>Nettoyer ces barri\u00e8res, c&#8217;est remettre en sant\u00e9 et redonner \u00e0 chacun son potentiel pour avancer sur son chemin. A ce moment pr\u00e9cis, l&#8217;isoth\u00e9rapie est un outil pr\u00e9cieux ! <\/p>\n\n\n\n<p>Mon travail consiste \u00e0 nettoyer les perturbations acquises tout au long de la vie et \u00e0 relancer la correcte circulation des \u00e9nergies.<\/p>\n\n\n\n<p>Concr\u00e8tement, en s\u00e9ance, vos sympt\u00f4mes physiques, psychiques ou \u00e9motionnels m&#8217;orientent vers des familles hom\u00e9opathiques. Et, les pouls chinois (au niveau du poignet) me permettent de confirmer, d&#8217;infirmer ou de me r\u00e9-orienter pour r\u00e9pondre aux besoins du corps et \u00e0 ses priorit\u00e9s du moment. Nous (vous et moi) travaillons au pr\u00e9sent ! Nous respectons le rythme du corps m\u00eame s&#8217;il diff\u00e8re parfois de la volont\u00e9 psychique &#8230; <\/p>\n\n\n\n<p> <\/p>\n","protected":false},"excerpt":{"rendered":"<p>L&#8217;hom\u00e9opathie est un outil th\u00e9rapeutique d\u00e9couvert par le Dr Hahnemann. Il est bas\u00e9 sur le principe des similitudes des sympt\u00f4mes. Il permet de soulager et combattre de nombreuses affections. Plus tardivement, le Dr Senn utilise l&#8217;hom\u00e9opathie en tant qu&#8217;isoth\u00e9rapie aussi appel\u00e9 la m\u00e9thode des &#8221; barri\u00e8res multiples&#8221;. Notre \u00e9tat de sant\u00e9 refl\u00e8te notre parcours, il &hellip; <\/p>\n<p class=\"link-more\"><a href=\"https:\/\/sandrineplumail.fr\/index.php\/homeopathie-et-isotherapie\/\" class=\"more-link\">Continue reading<span class=\"screen-reader-text\"> &#8220;Hom\u00e9opathie et isoth\u00e9rapie&#8221;<\/span><\/a><\/p>\n","protected":false},"author":3,"featured_media":0,"parent":0,"menu_order":0,"comment_status":"closed","ping_status":"closed","template":"","meta":{"footnotes":""},"class_list":["post-243","page","type-page","status-publish","hentry"],"_links":{"self":[{"href":"https:\/\/sandrineplumail.fr\/index.php\/wp-json\/wp\/v2\/pages\/243","targetHints":{"allow":["GET"]}}],"collection":[{"href":"https:\/\/sandrineplumail.fr\/index.php\/wp-json\/wp\/v2\/pages"}],"about":[{"href":"https:\/\/sandrineplumail.fr\/index.php\/wp-json\/wp\/v2\/types\/page"}],"author":[{"embeddable":true,"href":"https:\/\/sandrineplumail.fr\/index.php\/wp-json\/wp\/v2\/users\/3"}],"replies":[{"embeddable":true,"href":"https:\/\/sandrineplumail.fr\/index.php\/wp-json\/wp\/v2\/comments?post=243"}],"version-history":[{"count":7,"href":"https:\/\/sandrineplumail.fr\/index.php\/wp-json\/wp\/v2\/pages\/243\/revisions"}],"predecessor-version":[{"id":301,"href":"https:\/\/sandrineplumail.fr\/index.php\/wp-json\/wp\/v2\/pages\/243\/revisions\/301"}],"wp:attachment":[{"href":"https:\/\/sandrineplumail.fr\/index.php\/wp-json\/wp\/v2\/media?parent=243"}],"curies":[{"name":"wp","href":"https:\/\/api.w.org\/{rel}","templated":true}]}}