{"id":28,"date":"2020-03-26T16:22:27","date_gmt":"2020-03-26T16:22:27","guid":{"rendered":"http:\/\/sandrineplumail.fr\/?page_id=28"},"modified":"2026-01-14T20:47:54","modified_gmt":"2026-01-14T20:47:54","slug":"medecine-traditionnelle-chinoise","status":"publish","type":"page","link":"https:\/\/sandrineplumail.fr\/index.php\/medecine-traditionnelle-chinoise\/","title":{"rendered":"M\u00e9decine Traditionnelle Chinoise"},"content":{"rendered":"\n<h2 class=\"wp-block-heading\"> <\/h2>\n\n\n\n<p> Dire qu\u2019elle existe depuis plus de 3000 ans et qu\u2019elle est de plus en plus enseign\u00e9e est \u00e9loquent. Elle a travers\u00e9 les fronti\u00e8res et s\u2019est adapt\u00e9e \u00e0 la culture de chacun. Il existe aussi plusieurs courants de pens\u00e9es.  C&#8217;est avant tout une recherche d&#8217;\u00e9quilibre pour \u00eatre en sant\u00e9 !<\/p>\n\n\n\n<p>C\u2019est une m\u00e9decine bas\u00e9e sur l\u2019\u00e9nergie et sa bonne circulation. Mais qu\u2019est ce que l\u2019\u00e9nergie&nbsp;? Elle est en nous, elle est autour de nous mais encore&nbsp;? En m\u00e9decine chinoise, nous parlons de loges \u00e9nerg\u00e9tiques. Elles sont au nombre de 12 et repr\u00e9sentent tout notre corps humain. Elles sont reli\u00e9es \u00e0 une \u00e9motion, \u00e0 un sens, \u00e0 une saison, \u00e0 un \u00e9l\u00e9ment (terre, feu, eau, m\u00e9tal, bois ) et aux fonctionnements de nos divers organes. L\u2019\u00e9quilibre est r\u00e9git par la loi des 5 \u00e9l\u00e9ments. Notre lecture est orient\u00e9e par le yin et le yang et la connaissance des m\u00e9ridiens. Et tout se per\u00e7oit par la notion de compl\u00e9mentarit\u00e9. Nous travaillons avec le \u00ab&nbsp;et&nbsp;\u00bb ainsi, le blanc n\u2019existerait pas sans le noir, le vide sans le plein, etc&#8230;  <\/p>\n\n\n\n<p>La m\u00e9decine traditionnelle chinoise est une vision du monde, de la vie et de l\u2019homme. Nous sommes  reli\u00e9s \u00e0 ce qui nous entoure, \u00e0 ce que nous respirons, \u00e0 ce que nous mangeons, \u00e0 ce que nous entendons, \u00e0 ce que nous voyons, \u00e0 ce que nous touchons et cela a ses incidences. Nous sommes aussi des \u00eatres avec un pass\u00e9 et nos cellules pourraient raconter notre histoire. En travaillant en M\u00e9decine traditionnelle chinoise, nous essayons de nous rapprocher de l\u2019origine.  <\/p>\n\n\n\n<p>Nous sommes en \u00e9ternel mouvement et c\u2019est ainsi que l\u2019on aborde la personne et sa probl\u00e9matique. C\u2019est le TAO&nbsp;!  C&#8217;est souvent lorsque nous sommes stopp\u00e9s dans notre mouvement que le trouble appara\u00eet ! L&#8217;\u00e9nerg\u00e9tique chinois intervient sur tout ce qui touche \u00e0 l&#8217;humain. Chaque individu peut \u00eatre sujet \u00e0 des troubles qu&#8217;il n&#8217;identifie pas comme une maladie mais qui est ou devient difficile \u00e0 vivre, \u00e0 supporter dans la dur\u00e9e. Ces maux qui nous touchent dans notre vitalit\u00e9 et notre joie de vivre sont des messages.<\/p>\n\n\n\n<h2 class=\"wp-block-heading\"><\/h2>\n\n\n\n<figure class=\"wp-block-image\"><img decoding=\"async\" src=\"https:\/\/www.methodezhongfu.org\/images\/2019\/01\/07\/champs-intervention_2.png\" alt=\"Champs d'intervention M\u00e9decine Chinoise\"\/><\/figure>\n\n\n\n<p>L&#8217;attention que nous portons \u00e0 nous m\u00eame est la premi\u00e8re \u00e9tape de la pleine sant\u00e9 !<\/p>\n\n\n\n<p class=\"en-caveat has-large-font-size\"><strong>&#8211; Pour qui ?<\/strong><\/p>\n\n\n\n<p>Pour tous, seule la fr\u00e9quence est variable. <\/p>\n\n\n\n<p>Ce peut \u00eatre des soins de pr\u00e9vention \u00e0 l\u2019arriv\u00e9e de chaque saison. Vous pouvez aussi vous offrir des \u00ab&nbsp;\u00e9quilibrages&nbsp;\u00e9nerg\u00e9tiques\u00bb ponctuels .<\/p>\n\n\n\n<p>Plus nombreux sont ceux qui consultent  pour une maladie pr\u00e9cise qu\u2019elle soit physique ou mentale, chronique ou momentan\u00e9e. A partir de l\u00e0, ce sont des soins curatifs. <\/p>\n\n\n\n<p>Si je vous dis : fatigue, insomnie, stress, gestions des \u00e9motions, d\u00e9prime, anxi\u00e9t\u00e9, allergie, gorge serr\u00e9e, estomac nou\u00e9, gastrite, digestion difficile, colon irritable, maladies auto-immune, maladies d\u00e9g\u00e9n\u00e9ratives,  ecz\u00e9ma, psoriasis, r\u00e8gles douloureuses, probl\u00e8mes de procr\u00e9ation, blocages multiples, etc, etc&#8230; Ca vous parle ?<\/p>\n\n\n\n<p>Je le recommande en compl\u00e9mentarit\u00e9 \u00e0 un traitement de chimioth\u00e9rapie pour nettoyer le foie et permettre \u00e0 l\u2019organisme de se d\u00e9charger des toxines. C\u2019est ce que nous appelons \u00ab&nbsp;soins de support&nbsp;\u00bb. Dans cette maladie pr\u00e9cise, nous pouvons aussi soutenir le moral et relancer l&#8217;immunit\u00e9.<\/p>\n\n\n\n<p>La pratique se fait\naussi bien chez un nourrisson qu\u2019un centenaire&nbsp;!<\/p>\n\n\n\n<p class=\"en-caveat has-large-font-size\"><strong>&#8211;  Comment se d\u00e9roule la s\u00e9ance&nbsp;?<\/strong><\/p>\n\n\n\n<p>Nous commen\u00e7ons par une anamn\u00e8se (histoire de la maladie) et un questionnaire de sant\u00e9 en terminant par les raisons de votre venue. Ensuite, je prends vos pouls au niveau des poignets afin de pouvoir recevoir les priorit\u00e9s du jour et le travail \u00e9nerg\u00e9tique commence par acupression sur les divers points concern\u00e9s pour le traitement en vue de se diriger vers l\u2019\u00e9quilibre.<\/p>\n\n\n\n<p>La dur\u00e9e est variable selon les besoins. En moyenne, il faut compter 1h et le soin co\u00fbte 70 euros.<\/p>\n\n\n\n<p><\/p>\n\n\n\n<p class=\"en-caveat has-large-font-size\">&#8211; <strong>Le plus : la moxibustion.<\/strong><\/p>\n\n\n\n<p>Gr\u00e2ce \u00e0 la moxibustion (action de chauffer un point avec un b\u00e2ton d&#8217;armoise), il est possible d&#8217;aider votre organisme \u00e0 retrouver du tonus, de la vigueur, \u00e0 mieux se prot\u00e9ger et \u00e0 revaloriser votre<strong> immunit\u00e9. <\/strong>C&#8217;est aussi un moyen qui a fait ses preuves pour aider une personne \u00e0 se relever d&#8217;une <strong>d\u00e9pression.<\/strong> Personnellement, j&#8217;ai vu arriver des gens avec des yeux &#8220;\u00e9teints&#8221; et repartir avec des yeux lumineux. Ce fut une r\u00e9v\u00e9lation ! <\/p>\n\n\n\n<p><\/p>\n\n\n\n<p class=\"en-caveat has-large-font-size\"><strong>&#8211; La particularit\u00e9 de la m\u00e9thode Zhong Fu !<\/strong><\/p>\n\n\n\n<p>Nous travaillons \u00e0 l&#8217;aide d&#8217;hom\u00e9opathie et de g\u00e9mmoth\u00e9rapie pour pratiquer l&#8217;isoth\u00e9rapie. Cela nous permet de netttoyer et purifier votre corps de toutes les agresssions qu&#8217;il subit ou a eu dans le pass\u00e9. C&#8217;est une th\u00e9rapie qui est au plus proche de votre \u00eatre et de ses besoins. Comme nous savons que &#8220;le trop est l&#8217;ennemi du bien&#8221;, nous ne r\u00e9pondons qu&#8217;aux demandes du corps \u00e0 l&#8217;instant pr\u00e9sent ! C&#8217;est un cadeau pour avancer le plus l\u00e9ger possible sur son chemin de vie !<\/p>\n\n\n\n<p><\/p>\n\n\n\n<p><em>Ces soins ne se substituent pas \u00e0 un avis m\u00e9dical.<\/em><\/p>\n","protected":false},"excerpt":{"rendered":"<p>Dire qu\u2019elle existe depuis plus de 3000 ans et qu\u2019elle est de plus en plus enseign\u00e9e est \u00e9loquent. Elle a travers\u00e9 les fronti\u00e8res et s\u2019est adapt\u00e9e \u00e0 la culture de chacun. Il existe aussi plusieurs courants de pens\u00e9es. C&#8217;est avant tout une recherche d&#8217;\u00e9quilibre pour \u00eatre en sant\u00e9 ! C\u2019est une m\u00e9decine bas\u00e9e sur l\u2019\u00e9nergie &hellip; <\/p>\n<p class=\"link-more\"><a href=\"https:\/\/sandrineplumail.fr\/index.php\/medecine-traditionnelle-chinoise\/\" class=\"more-link\">Continue reading<span class=\"screen-reader-text\"> &#8220;M\u00e9decine Traditionnelle Chinoise&#8221;<\/span><\/a><\/p>\n","protected":false},"author":1,"featured_media":55,"parent":0,"menu_order":0,"comment_status":"closed","ping_status":"closed","template":"","meta":{"footnotes":""},"class_list":["post-28","page","type-page","status-publish","has-post-thumbnail","hentry"],"_links":{"self":[{"href":"https:\/\/sandrineplumail.fr\/index.php\/wp-json\/wp\/v2\/pages\/28","targetHints":{"allow":["GET"]}}],"collection":[{"href":"https:\/\/sandrineplumail.fr\/index.php\/wp-json\/wp\/v2\/pages"}],"about":[{"href":"https:\/\/sandrineplumail.fr\/index.php\/wp-json\/wp\/v2\/types\/page"}],"author":[{"embeddable":true,"href":"https:\/\/sandrineplumail.fr\/index.php\/wp-json\/wp\/v2\/users\/1"}],"replies":[{"embeddable":true,"href":"https:\/\/sandrineplumail.fr\/index.php\/wp-json\/wp\/v2\/comments?post=28"}],"version-history":[{"count":33,"href":"https:\/\/sandrineplumail.fr\/index.php\/wp-json\/wp\/v2\/pages\/28\/revisions"}],"predecessor-version":[{"id":316,"href":"https:\/\/sandrineplumail.fr\/index.php\/wp-json\/wp\/v2\/pages\/28\/revisions\/316"}],"wp:featuredmedia":[{"embeddable":true,"href":"https:\/\/sandrineplumail.fr\/index.php\/wp-json\/wp\/v2\/media\/55"}],"wp:attachment":[{"href":"https:\/\/sandrineplumail.fr\/index.php\/wp-json\/wp\/v2\/media?parent=28"}],"curies":[{"name":"wp","href":"https:\/\/api.w.org\/{rel}","templated":true}]}}